-3)/((-6)/(-46)))/((-8)/24) is divided by n.
13
Let a(r) = -87*r**2 - 10. Let j be a(3). Let s = j - -814. What is the remainder when 139 is divided by s?
13
Let r = -9 + 28. Let c = 286 - 70. Suppose 0 = -3*z + 5*y + 53 + c, -2*z - 3*y = -192. Calculate the remainder when z is divided by r.
17
Suppose -42*w = -42*w - 144*w + 138096. What is the remainder when w is divided by 37?
34
Suppose -12320 = 518*v - 598*v. What is the remainder when v is divided by 148?
6
Let j be (3 + 45)/3 - 2. Let b(r) = 9*r - 102. Calculate the remainder when 27 is divided by b(j).
3
Let r(f) = -3*f**2 + 2*f + 10. Let y be r(7). Let n = -121 - y. What is the remainder when 9/6*8/6 is divided by n?
0
Let i = -474 - -492. Let h = -25 + 131. Calculate the remainder when h is divided by i.
16
Suppose 0 = 5*l + c + 3*c + 30, 5*l + 3*c = -25. Calculate the remainder when 231 is divided by (-8 - 0)*87/24*l.
57
Let m be 0 + 2 + (-1)/((-4)/252). Let d = m - 57. Let y(n) = -n**3 + 9*n**2 - 8*n + 11. Calculate the remainder when 31 is divided by y(d).
9
Let g(f) = -29*f. Let p be g(-1). Let u = p + -19. Suppose 30*b - 32 = 28*b. What is the remainder when b is divided by u?
6
Let x = -23 + 36. Suppose 3*p = -2*s - 125, -9*p + 4*s - 245 = -4*p. Let b = p - -52. Calculate the remainder when x is divided by b.
6
Suppose -307*n + 325*n = 468. What is the remainder when 101 is divided by n?
23
Suppose -20450 = 699*k - 724*k. Calculate the remainder when 2459 is divided by k.
5
Let b(t) = 70*t + 18. Let r = -76 - -78. What is the remainder when b(r) is divided by 53?
52
Suppose 417*g - 467*g + 28500 = 0. What is the remainder when g is divided by 93?
12
Let u(c) = 4*c - 6. Let n be u(3). Let t(h) = h**3 - 6*h**2 - 5*h + 44. Calculate the remainder when t(n) is divided by 3.
2
Suppose 0 = -5*n - 16 + 196. Let w(r) = 5*r**2 - 138*r - 10. Let l be w(28). Suppose -22*j + l = -130. Calculate the remainder when n is divided by j.
4
Suppose -62*a = -70*a - 1576. Let j = a + 260. What is the remainder when j is divided by 24?
15
Let g = 187 - 182. Suppose 0 = -g*z + 4*y + 353, 4*y = 2*z - 3*z + 61. Calculate the remainder when 274 is divided by z.
67
Let b be (-8)/(-51 - 5) - 27/(-7). Suppose -15*a + 230 = -13*a + b*d, -5*a + 548 = d. What is the remainder when a is divided by 57?
52
Suppose 3*u + 2*y + 12 = 2*u, 2*u - 12 = 5*y. What is the remainder when 389 is divided by (1 - -12)*(-6)/4*u?
77
Suppose 2*q - 2101 = 78*t - 83*t, -3*q = -9. What is the remainder when t is divided by 4?
3
Let k(z) = 12*z + 2. Calculate the remainder when (-31*(-16)/3224)/((-1)/(-481)) is divided by k(2).
22
Suppose 413 = -3512*c + 3519*c. Calculate the remainder when c is divided by (232/261)/(2/9).
3
Suppose 1405799 = -157*o + 200*o. What is the remainder when o is divided by 65?
63
Suppose 54*o + 53*o = -8*o + 4945. Let l = 3 - -9. What is the remainder when o is divided by (-4)/(-6) - (-100)/l?
7
Let a be (1/(6/(-42)))/(-1) - -1. Let h(y) = -y**2 - y + 82. Let o = -18 + 30. Calculate the remainder when o is divided by h(a).
2
Suppose -d - d + 20 = 0. Suppose -d*y = -6*y + k - 36033, 3*y + 3*k - 27018 = 0. Calculate the remainder when (0 - 1)/(-4) + y/364 is divided by 19.
6
What is the remainder when (4/18 - 114/(-216))/((-58)/(-222256)) is divided by 90?
84
Suppose 67*x + 30*x = -2*x + 12276. Calculate the remainder when x is divided by 36.
16
Suppose 5*h - m - 241 = -170, 2*h - 2*m - 22 = 0. Calculate the remainder when 711 is divided by h.
6
Let a = 227 + -229. Calculate the remainder when (-63)/(-42) - 251/a - -5 is divided by 8.
4
Suppose 3*s - 38 = -4*o, 3*o + 5 = 2. Calculate the remainder when 829 is divided by s.
3
Let x(n) = -n**3 + 3*n**2 + 59*n + 10. What is the remainder when 263 is divided by x(9)?
43
Let u(w) = -2*w**2. Let i be u(5). Let p = i - -62. Suppose p*a + 58 = 14*a. Calculate the remainder when a is divided by 11.
7
Let k = -6 - -6. Let x be -2 + k + 4 - -2. Suppose 4*d - 16 = 3*i, -x*d = i + i - 36. Calculate the remainder when 26 is divided by d.
5
Let x be (-2572)/18 + (-8)/72. Let h = x + 145. Suppose 5*v - 2*z - 13 = 10, -3*v - h*z + 17 = 0. Calculate the remainder when 98 is divided by v.
3
Suppose 8*p = -3*d + 3759, 0 = -3*d + 27 - 12. Calculate the remainder when 1407 is divided by p.
3
Suppose -9*c + 1769 = -346. What is the remainder when c is divided by 7?
4
Suppose 0*r = -2*r + 4. Suppose 3*o = 12, -o - r*o + 104 = 4*v. Let w = -22663 - -22675. Calculate the remainder when v is divided by w.
11
Let h = 15 - 14. Let j be 35 - 0/((-4)/h). Suppose -j = -8*f + 213. Calculate the remainder when f is divided by 16.
15
Suppose 0 = -21*m + 9*m + 36. Suppose 341 = 5*q + d, -2*q - d - m = -140. Calculate the remainder when q is divided by 14.
12
What is the remainder when 2229 is divided by ((-5110)/(-21) + 3)*(16 + -13)?
12
Suppose 5*v - 227 = -m - 13, 0 = -v + 2*m + 34. Calculate the remainder when 6421 is divided by v.
37
Let t = 63 - 150. Let k = t + 88. What is the remainder when -1 + 33 - 1/k*3 is divided by 11?
7
Suppose 0 = -18*f + 26*f - 888. Let y = 6 - -33. Calculate the remainder when f is divided by y.
33
Let w = 8716 + -8655. What is the remainder when 201 is divided by w?
18
Let g(h) = -10*h + 226. Let v(y) = 5*y - 114. Let m(b) = 3*g(b) + 5*v(b). Calculate the remainder when 113 is divided by m(17).
21
Let u(y) = -9*y**3 - 9*y**2 - 12*y - 3. Let o(a) = 8*a**3 + 6*a**2 + 12*a + 3. Let r(i) = 4*o(i) + 3*u(i). Calculate the remainder when r(3) is divided by 51.
45
Let i(m) be the third derivative of -m**6/120 - 17*m**5/60 - 35*m**4/24 + 5*m**3/3 - 26*m**2. Calculate the remainder when i(-17) is divided by 76.
73
Suppose -824*c - 7724 = -792*c - 22284. What is the remainder when c is divided by 151?
2
Suppose 46*r - 37*r + 144 = 21*r. Suppose 7*a = 3*a + 20. Calculate the remainder when r is divided by a.
2
Let g(u) = -u**3 + 17*u**2 - 17*u + 22. Let x = -275 - -291. What is the remainder when 11 is divided by g(x)?
5
Suppose 0 = -c - 5*b + 64 - 8, 38 = c - 4*b. What is the remainder when 300 is divided by c?
24
Let d = -5177 + 9253. What is the remainder when d is divided by 136?
132
What is the remainder when 721 is divided by (-13 + 5 + -1)*616/(-252)?
17
Let g = 48 + -43. Suppose -2*q + 62 = 4*u - 128, -4*q = -g*u + 257. What is the remainder when u is divided by (-17 + 4)/(9/36*-2)?
23
Suppose -439530 = 416*r - 521*r. Calculate the remainder when r is divided by 167.
11
Suppose -140 + 46 = -g. Suppose 0 = 27*i + 844 - 3031. Calculate the remainder when g is divided by i.
13
Suppose 4*q = 4*i + q - 1891, -3*i - 3*q + 1434 = 0. Let o = i - 447. What is the remainder when o is divided by 6?
4
Suppose 28207 - 28159 = 2*j. Calculate the remainder when j is divided by 1 + 11 - (-6)/(-3).
4
Let i(q) = 2*q**3 + 180*q**2 + 184*q + 565. Let z(u) = 3*u**2 + 6*u + 7. Let f be z(6). Let x = f + -59. Calculate the remainder when x is divided by i(-89).
30
Let a(g) = -35*g - 1. Let p be a(-18). Suppose -441 = -10*r + p. Calculate the remainder when 748 is divided by r.
106
What is the remainder when 7/(-28)*(-2)/2 + (-1550)/(-8) is divided by 46?
10
Let s = 6878 - 4865. Calculate the remainder when s is divided by 31.
29
Suppose 0*h - 4*h - 123 = -3*l, 4*l + 5*h = 133. Suppose -53 - l = -3*j. Calculate the remainder when 149 is divided by j.
29
Suppose -4*f - 3*j = -2713, -5*j = 4*f - 4*j - 2715. What is the remainder when f is divided by 23?
12
Suppose 0 = 10*n - 13*n - 5*p + 236, -3*n + 224 = 2*p. What is the remainder when 342 is divided by n?
54
Suppose 120 = -66*v + 42*v, 0 = i + v - 6. Suppose 3*q = -2*q. Let y(h) = -h**2 + h + 29. Calculate the remainder when y(q) is divided by i.
7
Suppose -16*l = -12 - 36. Suppose 0 = -3*f - 2*a + 91, -11*f - l*a = -10*f - 28. Calculate the remainder when 89 is divided by f.
27
Let i(v) = -15*v + 2*v + 5*v - 2*v + 13*v + 2 + 10*v**2. What is the remainder when 95 is divided by i(1)?
5
Let o(k) = -6*k + 76. Let x(j) = -2*j + 25. Let n(v) = 6*o(v) - 17*x(v). Let l be n(16). Let u(y) = -145*y. What is the remainder when u(l) is divided by 50?
45
Let f be ((-16)/7)/(11*(-2)/1309). Let d(w) = w + 2. Let l be d(-4). Calculate the remainder when 29 is divided by f/16 - l/12*-3.
5
Let t be (-2)/(-3) + (-448)/(-192). Suppose -3*f = 3*d - 